{"id":22,"date":"2025-09-13T23:58:39","date_gmt":"2025-09-13T22:58:39","guid":{"rendered":"https:\/\/ptasiapaczka.pl\/?page_id=22"},"modified":"2025-10-23T20:44:37","modified_gmt":"2025-10-23T19:44:37","slug":"bohaterowie-2","status":"publish","type":"page","link":"https:\/\/ptasiapaczka.pl\/?page_id=22","title":{"rendered":"Bohaterowie"},"content":{"rendered":"\n<div class=\"wp-block-columns is-layout-flex wp-container-core-columns-is-layout-9d6595d7 wp-block-columns-is-layout-flex\">\n<div class=\"wp-block-column is-layout-flow wp-block-column-is-layout-flow\" style=\"flex-basis:33.33%\">\n<figure class=\"wp-block-image size-full\"><img loading=\"lazy\" decoding=\"async\" width=\"337\" height=\"337\" src=\"https:\/\/ptasiapaczka.pl\/wp-content\/uploads\/2025\/10\/sowa_01.png\" alt=\"\" class=\"wp-image-100\" srcset=\"https:\/\/ptasiapaczka.pl\/wp-content\/uploads\/2025\/10\/sowa_01.png 337w, https:\/\/ptasiapaczka.pl\/wp-content\/uploads\/2025\/10\/sowa_01-300x300.png 300w, https:\/\/ptasiapaczka.pl\/wp-content\/uploads\/2025\/10\/sowa_01-150x150.png 150w\" sizes=\"auto, (max-width: 337px) 100vw, 337px\" \/><\/figure>\n<\/div>\n\n\n\n<div class=\"wp-block-column is-layout-flow wp-block-column-is-layout-flow\" style=\"flex-basis:66.66%\">\n<p class=\"has-larger-font-size\"><strong><mark style=\"background-color:rgba(0, 0, 0, 0)\" class=\"has-inline-color has-green-color\">Sowa Helena, <\/mark><\/strong><\/p>\n\n\n\n<p>kt\u00f3r\u0105 \u015bmia\u0142o mo\u017cna nazwa\u0107 szefem. <\/p>\n\n\n\n<p>Mieszka w dziupli najwi\u0119kszego platana, jaki ro\u015bnie na krakowskich Plantach, a mo\u017ce i w ca\u0142ym mie\u015bcie. <\/p>\n\n\n\n<p>Przy okazji Planty nazywaj\u0105 si\u0119 tak od plantowania, czyli wyr\u00f3wnywania, a nie od platan\u00f3w. Powiedzia\u0142a mi to w\u0142a\u015bnie sowa Helena, kt\u00f3ra jest bardzo m\u0105dr\u0105 sow\u0105, bo cz\u0119sto przysiada na parapetach okien budynk\u00f3w Uniwersytetu Jagiello\u0144skiego. <\/p>\n\n\n\n<p>Jedyny k\u0142opot z sow\u0105 Helena polega na tym, \u017ce gdy reszta Ptasiej paczki pracuje ona \u015bpi, co nieco utrudnia komunikacj\u0119.<\/p>\n<\/div>\n<\/div>\n\n\n\n<div class=\"wp-block-columns is-layout-flex wp-container-core-columns-is-layout-9d6595d7 wp-block-columns-is-layout-flex\">\n<div class=\"wp-block-column is-layout-flow wp-block-column-is-layout-flow\" style=\"flex-basis:33.33%\">\n<figure class=\"wp-block-image size-full\"><img loading=\"lazy\" decoding=\"async\" width=\"337\" height=\"337\" src=\"https:\/\/ptasiapaczka.pl\/wp-content\/uploads\/2025\/10\/gerwazy_01.png\" alt=\"\" class=\"wp-image-101\" srcset=\"https:\/\/ptasiapaczka.pl\/wp-content\/uploads\/2025\/10\/gerwazy_01.png 337w, https:\/\/ptasiapaczka.pl\/wp-content\/uploads\/2025\/10\/gerwazy_01-300x300.png 300w, https:\/\/ptasiapaczka.pl\/wp-content\/uploads\/2025\/10\/gerwazy_01-150x150.png 150w\" sizes=\"auto, (max-width: 337px) 100vw, 337px\" \/><\/figure>\n<\/div>\n\n\n\n<div class=\"wp-block-column is-layout-flow wp-block-column-is-layout-flow\" style=\"flex-basis:66.66%\">\n<p class=\"has-larger-font-size\"><strong><mark style=\"background-color:rgba(0, 0, 0, 0)\" class=\"has-inline-color has-green-color\">Go\u0142\u0105b Gerwazy <\/mark><\/strong><\/p>\n\n\n\n<p>jest przedstawicielem staro\u017cytnego rodu krakowskich go\u0142\u0119bi. <\/p>\n\n\n\n<p>Mieszka tu i tam, ale najch\u0119tniej nocuje na gzymsach kamienic wok\u00f3\u0142 Rynku.<\/p>\n\n\n\n<p>Gerwazy chyba najbardziej z wszystkich cz\u0142onk\u00f3w Ptasiej paczki kocha dzieci. Uwielbia obserwowa\u0107 zw\u0142aszcza przedszkolaki, bo to one najcz\u0119\u015bciej gubi\u0105 okruszki herbatnik\u00f3w. <\/p>\n\n\n\n<p>To w\u0142a\u015bnie on by\u0142 inicjatorem pierwszego \u015bledztwa, mo\u017cna wi\u0119c powiedzie\u0107, \u017ce jest tw\u00f3rc\u0105 ptasiej grupy detektywistycznej. Polubicie go, bo ma go\u0142\u0119bie serce.<\/p>\n<\/div>\n<\/div>\n\n\n\n<div class=\"wp-block-columns is-layout-flex wp-container-core-columns-is-layout-9d6595d7 wp-block-columns-is-layout-flex\">\n<div class=\"wp-block-column is-layout-flow wp-block-column-is-layout-flow\" style=\"flex-basis:33.33%\">\n<figure class=\"wp-block-image size-full\"><img loading=\"lazy\" decoding=\"async\" width=\"337\" height=\"337\" src=\"https:\/\/ptasiapaczka.pl\/wp-content\/uploads\/2025\/10\/sikora_barbara_01.png\" alt=\"\" class=\"wp-image-102\" srcset=\"https:\/\/ptasiapaczka.pl\/wp-content\/uploads\/2025\/10\/sikora_barbara_01.png 337w, https:\/\/ptasiapaczka.pl\/wp-content\/uploads\/2025\/10\/sikora_barbara_01-300x300.png 300w, https:\/\/ptasiapaczka.pl\/wp-content\/uploads\/2025\/10\/sikora_barbara_01-150x150.png 150w\" sizes=\"auto, (max-width: 337px) 100vw, 337px\" \/><\/figure>\n<\/div>\n\n\n\n<div class=\"wp-block-column is-layout-flow wp-block-column-is-layout-flow\" style=\"flex-basis:66.66%\">\n<p class=\"has-larger-font-size\"><strong><mark style=\"background-color:rgba(0, 0, 0, 0)\" class=\"has-inline-color has-green-color\">Sikora Barbara<\/mark><\/strong><\/p>\n\n\n\n<p>jest malutkim, ale bardzo dzielnym ptaszkiem. <\/p>\n\n\n\n<p>Gdy si\u0119 przedstawia, m\u00f3wi zwykle \u2013 Barbara, dla przyjaci\u00f3\u0142 Basia, ale nie jak wiewi\u00f3rka. To dla niej bardzo wa\u017cne, by nigdy, przenigdy nie m\u00f3wi\u0107 o jej imieniu w ten spos\u00f3b. Wszystko przez dawny zatarg z jedna z wiewi\u00f3rek z krakowskiego Parku Jordana.<\/p>\n\n\n\n<p>Sikora Barbara jest bardzo, ale to bardzo odwa\u017cna i przebojowa. Udowadnia, \u017ce to czy jest si\u0119 wi\u0119kszym od innych, czy te\u017c mniejszym nie ma znaczenia. W\u0142a\u015bciwie to mo\u017cna powiedzie\u0107, \u017ce jest to w ptasiej paczce ptaszek do zada\u0144 specjalnych. <\/p>\n\n\n\n<p>Aha! Je\u015bli chcecie wiedzie\u0107 co\u015b wi\u0119cej o zatargu z wiewi\u00f3rk\u0105, musicie przeczyta\u0107 Trzeci\u0105 Cz\u0119\u015b\u0107: <a href=\"https:\/\/ptasiapaczka.pl\/?p=35\" data-type=\"link\" data-id=\"https:\/\/ptasiapaczka.pl\/?p=35\">Ptasia Paczka i Sprawa zaginionego Misia<\/a>.<\/p>\n\n\n\n<p><\/p>\n<\/div>\n<\/div>\n\n\n\n<div class=\"wp-block-columns is-layout-flex wp-container-core-columns-is-layout-9d6595d7 wp-block-columns-is-layout-flex\">\n<div class=\"wp-block-column is-layout-flow wp-block-column-is-layout-flow\" style=\"flex-basis:33.33%\">\n<figure class=\"wp-block-image size-full\"><img loading=\"lazy\" decoding=\"async\" width=\"337\" height=\"337\" src=\"https:\/\/ptasiapaczka.pl\/wp-content\/uploads\/2025\/10\/kazimierz_01.png\" alt=\"\" class=\"wp-image-103\" srcset=\"https:\/\/ptasiapaczka.pl\/wp-content\/uploads\/2025\/10\/kazimierz_01.png 337w, https:\/\/ptasiapaczka.pl\/wp-content\/uploads\/2025\/10\/kazimierz_01-300x300.png 300w, https:\/\/ptasiapaczka.pl\/wp-content\/uploads\/2025\/10\/kazimierz_01-150x150.png 150w\" sizes=\"auto, (max-width: 337px) 100vw, 337px\" \/><\/figure>\n<\/div>\n\n\n\n<div class=\"wp-block-column is-layout-flow wp-block-column-is-layout-flow\" style=\"flex-basis:66.66%\">\n<p class=\"has-larger-font-size\"><strong><mark style=\"background-color:rgba(0, 0, 0, 0)\" class=\"has-inline-color has-green-color\">Kos Kazimierz<\/mark><\/strong><\/p>\n\n\n\n<p>Do Ptasiej paczki zosta\u0142 przyj\u0119ty najp\u00f3\u017aniej z wszystkich ptak\u00f3w. Jest bardzo cennym nabytkiem, bo cz\u0119sto bywa w okolicach posterunku policji, wi\u0119c zna si\u0119 na \u015bledztwach. <\/p>\n\n\n\n<p>Wiele czasu sp\u0119dzi\u0142 tak\u017ce na parapetach Akademii G\u00f3rniczo-Hutniczej i uwa\u017ca si\u0119 za gruntownie przygotowanego, ptasiego in\u017cyniera. <\/p>\n\n\n\n<p>Czasem rzeczywi\u015bcie ma ca\u0142kiem dobre pomys\u0142y, ale m\u00f3wi o nich w spos\u00f3b tak zawi\u0142y, \u017ce ptaki musz\u0105 go przywo\u0142ywa\u0107 do porz\u0105dku. I jeszcze jedno! Za t\u0142u\u015bciutkiego \u015blimaka zrobi wszystko.<\/p>\n<\/div>\n<\/div>\n\n\n\n<p><\/p>\n","protected":false},"excerpt":{"rendered":"<p>Sowa Helena, kt\u00f3r\u0105 \u015bmia\u0142o mo\u017cna nazwa\u0107 szefem. Mieszka w dziupli najwi\u0119kszego platana, jaki ro\u015bnie na krakowskich Plantach, a mo\u017ce i w ca\u0142ym mie\u015bcie. Przy okazji Planty nazywaj\u0105 si\u0119 tak od plantowania, czyli wyr\u00f3wnywania, a nie od platan\u00f3w. Powiedzia\u0142a mi to w\u0142a\u015bnie sowa Helena, kt\u00f3ra jest bardzo m\u0105dr\u0105 sow\u0105, bo cz\u0119sto [&hellip;]<\/p>\n","protected":false},"author":1,"featured_media":222,"parent":0,"menu_order":0,"comment_status":"closed","ping_status":"closed","template":"","meta":{"footnotes":""},"class_list":["post-22","page","type-page","status-publish","has-post-thumbnail","hentry"],"_links":{"self":[{"href":"https:\/\/ptasiapaczka.pl\/index.php?rest_route=\/wp\/v2\/pages\/22","targetHints":{"allow":["GET"]}}],"collection":[{"href":"https:\/\/ptasiapaczka.pl\/index.php?rest_route=\/wp\/v2\/pages"}],"about":[{"href":"https:\/\/ptasiapaczka.pl\/index.php?rest_route=\/wp\/v2\/types\/page"}],"author":[{"embeddable":true,"href":"https:\/\/ptasiapaczka.pl\/index.php?rest_route=\/wp\/v2\/users\/1"}],"replies":[{"embeddable":true,"href":"https:\/\/ptasiapaczka.pl\/index.php?rest_route=%2Fwp%2Fv2%2Fcomments&post=22"}],"version-history":[{"count":16,"href":"https:\/\/ptasiapaczka.pl\/index.php?rest_route=\/wp\/v2\/pages\/22\/revisions"}],"predecessor-version":[{"id":314,"href":"https:\/\/ptasiapaczka.pl\/index.php?rest_route=\/wp\/v2\/pages\/22\/revisions\/314"}],"wp:featuredmedia":[{"embeddable":true,"href":"https:\/\/ptasiapaczka.pl\/index.php?rest_route=\/wp\/v2\/media\/222"}],"wp:attachment":[{"href":"https:\/\/ptasiapaczka.pl\/index.php?rest_route=%2Fwp%2Fv2%2Fmedia&parent=22"}],"curies":[{"name":"wp","href":"https:\/\/api.w.org\/{rel}","templated":true}]}}